{"id":122,"date":"2017-11-08T12:41:40","date_gmt":"2017-11-08T11:41:40","guid":{"rendered":"http:\/\/weitblick-action.de\/?page_id=122"},"modified":"2018-02-22T13:18:22","modified_gmt":"2018-02-22T12:18:22","slug":"slammen-und-helfen","status":"publish","type":"page","link":"http:\/\/weitblick-action.de\/?page_id=122","title":{"rendered":"Slammen und helfen"},"content":{"rendered":"<figure id=\"attachment_574\" aria-describedby=\"caption-attachment-574\" style=\"width: 900px\" class=\"wp-caption aligncenter\"><a href=\"http:\/\/weitblick-action.de\/wp\/wp-content\/uploads\/2018\/01\/Slammen-und-helfen_Isabelle-Sch\u00f6bel_Gewinnerin-des-Poetry-Slams_web.jpg\"><img loading=\"lazy\" decoding=\"async\" class=\"wp-image-574 size-large\" src=\"http:\/\/weitblick-action.de\/wp\/wp-content\/uploads\/2018\/01\/Slammen-und-helfen_Isabelle-Sch\u00f6bel_Gewinnerin-des-Poetry-Slams_web-1024x664.jpg\" alt=\"\" width=\"900\" height=\"584\" srcset=\"http:\/\/weitblick-action.de\/wp\/wp-content\/uploads\/2018\/01\/Slammen-und-helfen_Isabelle-Sch\u00f6bel_Gewinnerin-des-Poetry-Slams_web-1024x664.jpg 1024w, http:\/\/weitblick-action.de\/wp\/wp-content\/uploads\/2018\/01\/Slammen-und-helfen_Isabelle-Sch\u00f6bel_Gewinnerin-des-Poetry-Slams_web-300x195.jpg 300w, http:\/\/weitblick-action.de\/wp\/wp-content\/uploads\/2018\/01\/Slammen-und-helfen_Isabelle-Sch\u00f6bel_Gewinnerin-des-Poetry-Slams_web-768x498.jpg 768w, http:\/\/weitblick-action.de\/wp\/wp-content\/uploads\/2018\/01\/Slammen-und-helfen_Isabelle-Sch\u00f6bel_Gewinnerin-des-Poetry-Slams_web-340x221.jpg 340w, http:\/\/weitblick-action.de\/wp\/wp-content\/uploads\/2018\/01\/Slammen-und-helfen_Isabelle-Sch\u00f6bel_Gewinnerin-des-Poetry-Slams_web.jpg 1665w\" sizes=\"auto, (max-width: 900px) 100vw, 900px\" \/><\/a><figcaption id=\"caption-attachment-574\" class=\"wp-caption-text\">Slammen und helfen Isabelle Sch\u00f6bel, Gewinnerin des Poetry Slams<\/figcaption><\/figure>\n<p><a href=\"http:\/\/weitblick-action.de\/wp\/wp-content\/uploads\/2018\/01\/Slammen-und-helfen_Plakat_all.jpg\"><img loading=\"lazy\" decoding=\"async\" class=\"alignleft size-medium wp-image-549\" src=\"http:\/\/weitblick-action.de\/wp\/wp-content\/uploads\/2018\/01\/Slammen-und-helfen_Plakat_all-213x300.jpg\" alt=\"\" width=\"213\" height=\"300\" srcset=\"http:\/\/weitblick-action.de\/wp\/wp-content\/uploads\/2018\/01\/Slammen-und-helfen_Plakat_all-213x300.jpg 213w, http:\/\/weitblick-action.de\/wp\/wp-content\/uploads\/2018\/01\/Slammen-und-helfen_Plakat_all-768x1083.jpg 768w, http:\/\/weitblick-action.de\/wp\/wp-content\/uploads\/2018\/01\/Slammen-und-helfen_Plakat_all-726x1024.jpg 726w, http:\/\/weitblick-action.de\/wp\/wp-content\/uploads\/2018\/01\/Slammen-und-helfen_Plakat_all-181x255.jpg 181w, http:\/\/weitblick-action.de\/wp\/wp-content\/uploads\/2018\/01\/Slammen-und-helfen_Plakat_all.jpg 1202w\" sizes=\"auto, (max-width: 213px) 100vw, 213px\" \/><\/a>Unter dem Motto \u201eSlammen und helfen\u201c traten Sch\u00fcler- und Profipoeten in den Dichterwettstreit. Poetry Slams sind die Dichterwettk\u00e4mpfe unserer Zeit. Seit Jahren f\u00fcllen sie im ganzen deutschsprachigen Raum die Clubs, Hallen und Theaterh\u00e4user und sorgen f\u00fcr einen neuen Literaturboom. Im Wettkampf stehen sich Poeten mit ihren selbst verfassten Texten gegen\u00fcber, auch der Vortrag des Textes spielt eine nicht unwesentliche Rolle. Das Publikum entscheidet schlie\u00dflich \u00fcber den Sieger. Alleine im deutschsprachigen Raum ziehen \u00fcber 150 regelm\u00e4\u00dfige Veranstaltungen die Massen in ihren Bann und begeistern vor allem ein junges Publikum wieder f\u00fcr Literatur. Damit ist die hiesige Slamszene die gr\u00f6\u00dfte weltweit, abgesehen vom Mutterland USA.<\/p>\n<p>Am 15. April 2010 veranstaltete das Weitblick-Team des Otto-von-Taube Gymnasiums in Gauting seinen ersten Poetry Slam. Die Sch\u00fclerinnen und Sch\u00fcler wurden im Deutschunterricht und w\u00e4hrend eines Workshops, der von den erfahrenden Poetry Slammern Ko Bylanzky und Carmen Wegge geleitet wurde, intensiv vorbereitet. Teil des Workshops war es dabei, gleicherma\u00dfen Kreativit\u00e4t, Schreibkompetenz und rhetorische Fertigkeiten zu trainieren.<\/p>\n<figure id=\"attachment_554\" aria-describedby=\"caption-attachment-554\" style=\"width: 3198px\" class=\"wp-caption aligncenter\"><a href=\"http:\/\/weitblick-action.de\/wp\/wp-content\/uploads\/2018\/01\/Publikum_web.jpg\"><img loading=\"lazy\" decoding=\"async\" class=\"wp-image-554\" src=\"http:\/\/weitblick-action.de\/wp\/wp-content\/uploads\/2018\/01\/Publikum_web.jpg\" alt=\"\" width=\"3198\" height=\"963\" srcset=\"http:\/\/weitblick-action.de\/wp\/wp-content\/uploads\/2018\/01\/Publikum_web.jpg 3198w, http:\/\/weitblick-action.de\/wp\/wp-content\/uploads\/2018\/01\/Publikum_web-300x90.jpg 300w, http:\/\/weitblick-action.de\/wp\/wp-content\/uploads\/2018\/01\/Publikum_web-768x231.jpg 768w, http:\/\/weitblick-action.de\/wp\/wp-content\/uploads\/2018\/01\/Publikum_web-1024x308.jpg 1024w, http:\/\/weitblick-action.de\/wp\/wp-content\/uploads\/2018\/01\/Publikum_web-340x102.jpg 340w\" sizes=\"auto, (max-width: 3198px) 100vw, 3198px\" \/><\/a><figcaption id=\"caption-attachment-554\" class=\"wp-caption-text\">Publikum<\/figcaption><\/figure>\n<p>&nbsp;<\/p>\n<p>Ob am\u00fcsante Kurzgeschichte oder trauriges Liebesgedicht, Rap- oder Songtext, kritische Reflexion \u00fcber das Leben oder lustiges Wortspiel &#8211; die Poetinnen und Poeten boten ein sehr abwechlungsreiches und anspruchsvolles Programm.<\/p>\n<p>&nbsp;<\/p>\n<figure id=\"attachment_552\" aria-describedby=\"caption-attachment-552\" style=\"width: 900px\" class=\"wp-caption aligncenter\"><a href=\"http:\/\/weitblick-action.de\/wp\/wp-content\/uploads\/2018\/01\/Poeten-der-ersten-Rund-und-Moderator-Ko-Bylanzky_Abstimmung_web.jpg\"><img loading=\"lazy\" decoding=\"async\" class=\"wp-image-552 size-large\" src=\"http:\/\/weitblick-action.de\/wp\/wp-content\/uploads\/2018\/01\/Poeten-der-ersten-Rund-und-Moderator-Ko-Bylanzky_Abstimmung_web-1024x560.jpg\" alt=\"\" width=\"900\" height=\"492\" srcset=\"http:\/\/weitblick-action.de\/wp\/wp-content\/uploads\/2018\/01\/Poeten-der-ersten-Rund-und-Moderator-Ko-Bylanzky_Abstimmung_web-1024x560.jpg 1024w, http:\/\/weitblick-action.de\/wp\/wp-content\/uploads\/2018\/01\/Poeten-der-ersten-Rund-und-Moderator-Ko-Bylanzky_Abstimmung_web-300x164.jpg 300w, http:\/\/weitblick-action.de\/wp\/wp-content\/uploads\/2018\/01\/Poeten-der-ersten-Rund-und-Moderator-Ko-Bylanzky_Abstimmung_web-768x420.jpg 768w, http:\/\/weitblick-action.de\/wp\/wp-content\/uploads\/2018\/01\/Poeten-der-ersten-Rund-und-Moderator-Ko-Bylanzky_Abstimmung_web-340x186.jpg 340w, http:\/\/weitblick-action.de\/wp\/wp-content\/uploads\/2018\/01\/Poeten-der-ersten-Rund-und-Moderator-Ko-Bylanzky_Abstimmung_web.jpg 1975w\" sizes=\"auto, (max-width: 900px) 100vw, 900px\" \/><\/a><figcaption id=\"caption-attachment-552\" class=\"wp-caption-text\">Poeten der ersten Rund und Moderator Ko Bylanzky. Abstimmung.<\/figcaption><\/figure>\n<p>&nbsp;<\/p>\n<p>W\u00e4hrend Poetry Slam f\u00fcr poetischen Wettkampf steht, f\u00fchrten die Sch\u00fclerinnen und Sch\u00fcler die Veranstaltung durch, um sich f\u00fcr ein M\u00e4dchen aus ihrem Heimatort zu engagieren, das aufgrund eines schweren Unfalls im Wachkoma lag. Da die bisherigen Therapiema\u00dfnahmen wirkungslos blieben, wollten sie mit der Benefizveranstaltung den Eltern des M\u00e4dchens helfen, eine Delfintherapie zu finanzieren.<\/p>\n<p>&nbsp;<\/p>\n<figure id=\"attachment_937\" aria-describedby=\"caption-attachment-937\" style=\"width: 900px\" class=\"wp-caption aligncenter\"><a href=\"http:\/\/weitblick-action.de\/wp\/wp-content\/uploads\/2018\/02\/Orgateam_can-PR-be-cut-out_web_re.jpg\"><img loading=\"lazy\" decoding=\"async\" class=\"wp-image-937 size-large\" src=\"http:\/\/weitblick-action.de\/wp\/wp-content\/uploads\/2018\/02\/Orgateam_can-PR-be-cut-out_web_re-1024x615.jpg\" alt=\"\" width=\"900\" height=\"541\" srcset=\"http:\/\/weitblick-action.de\/wp\/wp-content\/uploads\/2018\/02\/Orgateam_can-PR-be-cut-out_web_re-1024x615.jpg 1024w, http:\/\/weitblick-action.de\/wp\/wp-content\/uploads\/2018\/02\/Orgateam_can-PR-be-cut-out_web_re-300x180.jpg 300w, http:\/\/weitblick-action.de\/wp\/wp-content\/uploads\/2018\/02\/Orgateam_can-PR-be-cut-out_web_re-768x461.jpg 768w, http:\/\/weitblick-action.de\/wp\/wp-content\/uploads\/2018\/02\/Orgateam_can-PR-be-cut-out_web_re-340x204.jpg 340w, http:\/\/weitblick-action.de\/wp\/wp-content\/uploads\/2018\/02\/Orgateam_can-PR-be-cut-out_web_re.jpg 1798w\" sizes=\"auto, (max-width: 900px) 100vw, 900px\" \/><\/a><figcaption id=\"caption-attachment-937\" class=\"wp-caption-text\">Organisationsteam<\/figcaption><\/figure>\n","protected":false},"excerpt":{"rendered":"<p>Unter dem Motto \u201eSlammen und helfen\u201c traten Sch\u00fcler- und Profipoeten in den Dichterwettstreit. Poetry Slams<br \/><a href=\"http:\/\/weitblick-action.de\/?page_id=122\" class=\"read-more\">Read More &raquo;<\/a><\/p>\n","protected":false},"author":1,"featured_media":548,"parent":48,"menu_order":0,"comment_status":"closed","ping_status":"closed","template":"","meta":{"footnotes":""},"class_list":["post-122","page","type-page","status-publish","has-post-thumbnail","hentry","blog-item"],"_links":{"self":[{"href":"http:\/\/weitblick-action.de\/index.php?rest_route=\/wp\/v2\/pages\/122","targetHints":{"allow":["GET"]}}],"collection":[{"href":"http:\/\/weitblick-action.de\/index.php?rest_route=\/wp\/v2\/pages"}],"about":[{"href":"http:\/\/weitblick-action.de\/index.php?rest_route=\/wp\/v2\/types\/page"}],"author":[{"embeddable":true,"href":"http:\/\/weitblick-action.de\/index.php?rest_route=\/wp\/v2\/users\/1"}],"replies":[{"embeddable":true,"href":"http:\/\/weitblick-action.de\/index.php?rest_route=%2Fwp%2Fv2%2Fcomments&post=122"}],"version-history":[{"count":32,"href":"http:\/\/weitblick-action.de\/index.php?rest_route=\/wp\/v2\/pages\/122\/revisions"}],"predecessor-version":[{"id":1026,"href":"http:\/\/weitblick-action.de\/index.php?rest_route=\/wp\/v2\/pages\/122\/revisions\/1026"}],"up":[{"embeddable":true,"href":"http:\/\/weitblick-action.de\/index.php?rest_route=\/wp\/v2\/pages\/48"}],"wp:featuredmedia":[{"embeddable":true,"href":"http:\/\/weitblick-action.de\/index.php?rest_route=\/wp\/v2\/media\/548"}],"wp:attachment":[{"href":"http:\/\/weitblick-action.de\/index.php?rest_route=%2Fwp%2Fv2%2Fmedia&parent=122"}],"curies":[{"name":"wp","href":"https:\/\/api.w.org\/{rel}","templated":true}]}}

<figure id="attachment_574" aria-describedby="caption-attachment-574" style="width: 900px" class="wp-caption aligncenter"><a href="http://weitblick-action.de/wp/wp-content/uploads/2018/01/Slammen-und-helfen_Isabelle-Schöbel_Gewinnerin-des-Poetry-Slams_web.jpg"><img loading="lazy" decoding="async" class="wp-image-574 size-large" src="http://weitblick-action.de/wp/wp-content/uploads/2018/01/Slammen-und-helfen_Isabelle-Schöbel_Gewinnerin-des-Poetry-Slams_web-1024x664.jpg" alt="" width="900" height="584" srcset="http://weitblick-action.de/wp/wp-content/uploads/2018/01/Slammen-und-helfen_Isabelle-Schöbel_Gewinnerin-des-Poetry-Slams_web-1024x664.jpg 1024w, http://weitblick-action.de/wp/wp-content/uploads/2018/01/Slammen-und-helfen_Isabelle-Schöbel_Gewinnerin-des-Poetry-Slams_web-300x195.jpg 300w, http://weitblick-action.de/wp/wp-content/uploads/2018/01/Slammen-und-helfen_Isabelle-Schöbel_Gewinnerin-des-Poetry-Slams_web-768x498.jpg 768w, http://weitblick-action.de/wp/wp-content/uploads/2018/01/Slammen-und-helfen_Isabelle-Schöbel_Gewinnerin-des-Poetry-Slams_web-340x221.jpg 340w, http://weitblick-action.de/wp/wp-content/uploads/2018/01/Slammen-und-helfen_Isabelle-Schöbel_Gewinnerin-des-Poetry-Slams_web.jpg 1665w" sizes="auto, (max-width: 900px) 100vw, 900px" /></a><figcaption id="caption-attachment-574" class="wp-caption-text">Slammen und helfen Isabelle Schöbel, Gewinnerin des Poetry Slams</figcaption></figure>
<p><a href="http://weitblick-action.de/wp/wp-content/uploads/2018/01/Slammen-und-helfen_Plakat_all.jpg"><img loading="lazy" decoding="async" class="alignleft size-medium wp-image-549" src="http://weitblick-action.de/wp/wp-content/uploads/2018/01/Slammen-und-helfen_Plakat_all-213x300.jpg" alt="" width="213" height="300" srcset="http://weitblick-action.de/wp/wp-content/uploads/2018/01/Slammen-und-helfen_Plakat_all-213x300.jpg 213w, http://weitblick-action.de/wp/wp-content/uploads/2018/01/Slammen-und-helfen_Plakat_all-768x1083.jpg 768w, http://weitblick-action.de/wp/wp-content/uploads/2018/01/Slammen-und-helfen_Plakat_all-726x1024.jpg 726w, http://weitblick-action.de/wp/wp-content/uploads/2018/01/Slammen-und-helfen_Plakat_all-181x255.jpg 181w, http://weitblick-action.de/wp/wp-content/uploads/2018/01/Slammen-und-helfen_Plakat_all.jpg 1202w" sizes="auto, (max-width: 213px) 100vw, 213px" /></a>Unter dem Motto „Slammen und helfen“ traten Schüler- und Profipoeten in den Dichterwettstreit. Poetry Slams sind die Dichterwettkämpfe unserer Zeit. Seit Jahren füllen sie im ganzen deutschsprachigen Raum die Clubs, Hallen und Theaterhäuser und sorgen für einen neuen Literaturboom. Im Wettkampf stehen sich Poeten mit ihren selbst verfassten Texten gegenüber, auch der Vortrag des Textes spielt eine nicht unwesentliche Rolle. Das Publikum entscheidet schließlich über den Sieger. Alleine im deutschsprachigen Raum ziehen über 150 regelmäßige Veranstaltungen die Massen in ihren Bann und begeistern vor allem ein junges Publikum wieder für Literatur. Damit ist die hiesige Slamszene die größte weltweit, abgesehen vom Mutterland USA.</p>
<p>Am 15. April 2010 veranstaltete das Weitblick-Team des Otto-von-Taube Gymnasiums in Gauting seinen ersten Poetry Slam. Die Schülerinnen und Schüler wurden im Deutschunterricht und während eines Workshops, der von den erfahrenden Poetry Slammern Ko Bylanzky und Carmen Wegge geleitet wurde, intensiv vorbereitet. Teil des Workshops war es dabei, gleichermaßen Kreativität, Schreibkompetenz und rhetorische Fertigkeiten zu trainieren.</p>
<figure id="attachment_554" aria-describedby="caption-attachment-554" style="width: 3198px" class="wp-caption aligncenter"><a href="http://weitblick-action.de/wp/wp-content/uploads/2018/01/Publikum_web.jpg"><img loading="lazy" decoding="async" class="wp-image-554" src="http://weitblick-action.de/wp/wp-content/uploads/2018/01/Publikum_web.jpg" alt="" width="3198" height="963" srcset="http://weitblick-action.de/wp/wp-content/uploads/2018/01/Publikum_web.jpg 3198w, http://weitblick-action.de/wp/wp-content/uploads/2018/01/Publikum_web-300x90.jpg 300w, http://weitblick-action.de/wp/wp-content/uploads/2018/01/Publikum_web-768x231.jpg 768w, http://weitblick-action.de/wp/wp-content/uploads/2018/01/Publikum_web-1024x308.jpg 1024w, http://weitblick-action.de/wp/wp-content/uploads/2018/01/Publikum_web-340x102.jpg 340w" sizes="auto, (max-width: 3198px) 100vw, 3198px" /></a><figcaption id="caption-attachment-554" class="wp-caption-text">Publikum</figcaption></figure>
<p>&nbsp;</p>
<p>Ob amüsante Kurzgeschichte oder trauriges Liebesgedicht, Rap- oder Songtext, kritische Reflexion über das Leben oder lustiges Wortspiel &#8211; die Poetinnen und Poeten boten ein sehr abwechlungsreiches und anspruchsvolles Programm.</p>
<p>&nbsp;</p>
<figure id="attachment_552" aria-describedby="caption-attachment-552" style="width: 900px" class="wp-caption aligncenter"><a href="http://weitblick-action.de/wp/wp-content/uploads/2018/01/Poeten-der-ersten-Rund-und-Moderator-Ko-Bylanzky_Abstimmung_web.jpg"><img loading="lazy" decoding="async" class="wp-image-552 size-large" src="http://weitblick-action.de/wp/wp-content/uploads/2018/01/Poeten-der-ersten-Rund-und-Moderator-Ko-Bylanzky_Abstimmung_web-1024x560.jpg" alt="" width="900" height="492" srcset="http://weitblick-action.de/wp/wp-content/uploads/2018/01/Poeten-der-ersten-Rund-und-Moderator-Ko-Bylanzky_Abstimmung_web-1024x560.jpg 1024w, http://weitblick-action.de/wp/wp-content/uploads/2018/01/Poeten-der-ersten-Rund-und-Moderator-Ko-Bylanzky_Abstimmung_web-300x164.jpg 300w, http://weitblick-action.de/wp/wp-content/uploads/2018/01/Poeten-der-ersten-Rund-und-Moderator-Ko-Bylanzky_Abstimmung_web-768x420.jpg 768w, http://weitblick-action.de/wp/wp-content/uploads/2018/01/Poeten-der-ersten-Rund-und-Moderator-Ko-Bylanzky_Abstimmung_web-340x186.jpg 340w, http://weitblick-action.de/wp/wp-content/uploads/2018/01/Poeten-der-ersten-Rund-und-Moderator-Ko-Bylanzky_Abstimmung_web.jpg 1975w" sizes="auto, (max-width: 900px) 100vw, 900px" /></a><figcaption id="caption-attachment-552" class="wp-caption-text">Poeten der ersten Rund und Moderator Ko Bylanzky. Abstimmung.</figcaption></figure>
<p>&nbsp;</p>
<p>Während Poetry Slam für poetischen Wettkampf steht, führten die Schülerinnen und Schüler die Veranstaltung durch, um sich für ein Mädchen aus ihrem Heimatort zu engagieren, das aufgrund eines schweren Unfalls im Wachkoma lag. Da die bisherigen Therapiemaßnahmen wirkungslos blieben, wollten sie mit der Benefizveranstaltung den Eltern des Mädchens helfen, eine Delfintherapie zu finanzieren.</p>
<p>&nbsp;</p>
<figure id="attachment_937" aria-describedby="caption-attachment-937" style="width: 900px" class="wp-caption aligncenter"><a href="http://weitblick-action.de/wp/wp-content/uploads/2018/02/Orgateam_can-PR-be-cut-out_web_re.jpg"><img loading="lazy" decoding="async" class="wp-image-937 size-large" src="http://weitblick-action.de/wp/wp-content/uploads/2018/02/Orgateam_can-PR-be-cut-out_web_re-1024x615.jpg" alt="" width="900" height="541" srcset="http://weitblick-action.de/wp/wp-content/uploads/2018/02/Orgateam_can-PR-be-cut-out_web_re-1024x615.jpg 1024w, http://weitblick-action.de/wp/wp-content/uploads/2018/02/Orgateam_can-PR-be-cut-out_web_re-300x180.jpg 300w, http://weitblick-action.de/wp/wp-content/uploads/2018/02/Orgateam_can-PR-be-cut-out_web_re-768x461.jpg 768w, http://weitblick-action.de/wp/wp-content/uploads/2018/02/Orgateam_can-PR-be-cut-out_web_re-340x204.jpg 340w, http://weitblick-action.de/wp/wp-content/uploads/2018/02/Orgateam_can-PR-be-cut-out_web_re.jpg 1798w" sizes="auto, (max-width: 900px) 100vw, 900px" /></a><figcaption id="caption-attachment-937" class="wp-caption-text">Organisationsteam</figcaption></figure>

<p>Unter dem Motto „Slammen und helfen“ traten Schüler- und Profipoeten in den Dichterwettstreit. Poetry Slams<br /><a href="http://weitblick-action.de/?page_id=122" class="read-more">Read More &raquo;</a></p>
