{"id":126,"date":"2017-11-08T12:42:05","date_gmt":"2017-11-08T11:42:05","guid":{"rendered":"http:\/\/weitblick-action.de\/?page_id=126"},"modified":"2018-05-24T11:55:02","modified_gmt":"2018-05-24T09:55:02","slug":"radio-machen-und-helfen","status":"publish","type":"page","link":"http:\/\/weitblick-action.de\/?page_id=126","title":{"rendered":"Podcasten und helfen"},"content":{"rendered":"<div class=\"wpb-content-wrapper\"><p>[vc_row][vc_column][vc_column_text]<a href=\"http:\/\/weitblick-action.de\/wp\/wp-content\/uploads\/2018\/02\/microphone-1562695-1280x960.jpg\"><img loading=\"lazy\" decoding=\"async\" class=\"size-large wp-image-1009 alignnone\" src=\"http:\/\/weitblick-action.de\/wp\/wp-content\/uploads\/2018\/02\/microphone-1562695-1280x960-1024x768.jpg\" alt=\"\" width=\"900\" height=\"675\" srcset=\"http:\/\/weitblick-action.de\/wp\/wp-content\/uploads\/2018\/02\/microphone-1562695-1280x960-1024x768.jpg 1024w, http:\/\/weitblick-action.de\/wp\/wp-content\/uploads\/2018\/02\/microphone-1562695-1280x960-300x225.jpg 300w, http:\/\/weitblick-action.de\/wp\/wp-content\/uploads\/2018\/02\/microphone-1562695-1280x960-768x576.jpg 768w, http:\/\/weitblick-action.de\/wp\/wp-content\/uploads\/2018\/02\/microphone-1562695-1280x960-340x255.jpg 340w, http:\/\/weitblick-action.de\/wp\/wp-content\/uploads\/2018\/02\/microphone-1562695-1280x960.jpg 1280w\" sizes=\"auto, (max-width: 900px) 100vw, 900px\" \/><\/a><\/p>\n<p>&nbsp;<\/p>\n<p>Im Rahmen des P-Seminars \u201eRadio in der Fremdsprache\u201c erwarben die Gautinger Gymnasiasten sowohl journalistische als auch fremdsprachliche Kompetenzen. In Kooperation mit dem Bayerischen Rundfunk lernten sie, wie Radiobeitr\u00e4ge erstellt und geschnitten werden. Inhaltlich verkn\u00fcpften sie die Produktion ihrer Radiobeitr\u00e4ge mit fremdsprachlichen Zielen. In diesem Fall wurden englische Podcasts erstellt, die f\u00fcr interkulturelles Training herangezogen werden k\u00f6nnen. Schlie\u00dflich wurde unter dem Motto \u201eSch\u00fcler unterrichten Manager\u201c ein Service Learning-Projekt entwickelt. Aufgabe der Gymnasiasten war es, innerhalb ihres P-Seminars gemeinsam ein interkulturelles Training zu entwickeln, das zu Schulungszwecken in Firmen eingesetzt werden kann. Die Durchf\u00fchrung des Trainings am 11.11.2010 sollte dem Schulbau in Telangana zu Gute kommen.<\/p>\n<p>Basierend auf dem Modell interkultureller kommunikativer Kompetenz von Byram (1997) umfasste das Training Einheiten zu den Bereichen Wissen, Fertigkeiten und Einstellungen. Den inhaltlichen Schwerpunkt bildeten dabei die asiatischen L\u00e4nder China, Japan und Indien. Nach einer kurzen theoretischen Einf\u00fchrung folgte ein interaktiver, abwechslungsreicher Workshop. Neben impulsgebenden Podcasts, die sowohl landeskundliche Fakten als auch Critical Incidents zur Analyse missgl\u00fcckter interkultureller Kommunikation beinhalteten, wurde auch ein von den Sch\u00fclern selbst entwickeltes Spiel oder Reflexionsaufgaben zu den Kulturstandards der jeweiligen L\u00e4nder eingesetzt.<\/p>\n<h5><\/h5>\n<p>&nbsp;[\/vc_column_text][vc_tta_accordion style=&#8221;modern&#8221; color=&#8221;purple&#8221; active_section=&#8221;100&#8243; no_fill=&#8221;true&#8221; collapsible_all=&#8221;true&#8221;][vc_tta_section title=&#8221;Interkulturelle kommunikative Kompetenz&#8221; tab_id=&#8221;1527086962643-b8f59e0c-72db&#8221;][vc_column_text]<\/p>\n<h5 style=\"text-align: center;\">Workshop<\/h5>\n<p>&nbsp;<\/p>\n<h6>Schwerpunkt: Indien, China, Japan<\/h6>\n<p>&nbsp;<\/p>\n<p><img loading=\"lazy\" decoding=\"async\" class=\"alignnone wp-image-604 size-medium\" src=\"http:\/\/weitblick-action.de\/wp\/wp-content\/uploads\/2018\/01\/otto-300x110.png\" alt=\"\" width=\"300\" height=\"110\" srcset=\"http:\/\/weitblick-action.de\/wp\/wp-content\/uploads\/2018\/01\/otto-300x110.png 300w, http:\/\/weitblick-action.de\/wp\/wp-content\/uploads\/2018\/01\/otto-768x281.png 768w, http:\/\/weitblick-action.de\/wp\/wp-content\/uploads\/2018\/01\/otto-1024x375.png 1024w, http:\/\/weitblick-action.de\/wp\/wp-content\/uploads\/2018\/01\/otto-340x125.png 340w, http:\/\/weitblick-action.de\/wp\/wp-content\/uploads\/2018\/01\/otto.png 1812w\" sizes=\"auto, (max-width: 300px) 100vw, 300px\" \/><img loading=\"lazy\" decoding=\"async\" class=\"alignnone wp-image-605 size-thumbnail\" src=\"http:\/\/weitblick-action.de\/wp\/wp-content\/uploads\/2018\/01\/weitblick4c_web1-150x150.png\" alt=\"\" width=\"150\" height=\"150\" srcset=\"http:\/\/weitblick-action.de\/wp\/wp-content\/uploads\/2018\/01\/weitblick4c_web1-150x150.png 150w, http:\/\/weitblick-action.de\/wp\/wp-content\/uploads\/2018\/01\/weitblick4c_web1-300x300.png 300w, http:\/\/weitblick-action.de\/wp\/wp-content\/uploads\/2018\/01\/weitblick4c_web1-255x255.png 255w, http:\/\/weitblick-action.de\/wp\/wp-content\/uploads\/2018\/01\/weitblick4c_web1.png 512w\" sizes=\"auto, (max-width: 150px) 100vw, 150px\" \/><\/p>\n<p>Interkulturelle Kompetenz wird zunehmend zu einer notwendigen Kernkompetenz f\u00fcr international t\u00e4tige Mitarbeiter, da Kontakte mit einer fremden Kultur ein hohes Ma\u00df an Sensibilit\u00e4t f\u00fcr kulturelle Werte und die Kenntnis fremdkultureller Verhaltensweisen erfordern.<\/p>\n<p>Die Schulung vermittelt Hintergrundwissen \u00fcber die Zielkulturen Indien, China und Japan und beinhaltet \u00dcbungen, die dazu beitragen, Missverst\u00e4ndnisse in den Zielkulturen zu vermeiden und kompetenter zu agieren.<\/p>\n<p>&nbsp;<\/p>\n<p><strong>Inhalte:<\/strong><\/p>\n<ul>\n<li>Landeskundliche Bestandsaufnahme: Indien, China, Japan<\/li>\n<li>Sensibilisierung f\u00fcr die eigene kulturelle Pr\u00e4gung<\/li>\n<li>Unterschiede zwischen der deutschen Kultur und den Zielkulturen anhand von ausgew\u00e4hlten Aspekten wie Kommunikation, Verhalten im Arbeitsleben, Umgang mit Macht und Hierarchien, Dos and Don\u2018ts<\/li>\n<\/ul>\n<p>&nbsp;<\/p>\n<p><strong>Nutzen:<\/strong><\/p>\n<ul>\n<li>Sie vertiefen Ihr Wissen \u00fcber die drei asiatischen L\u00e4nder Indien, China und Japan<\/li>\n<li>Sie gewinnen einen Einblick, wie in den Zielkulturen kulturelle Konflikte entstehen k\u00f6nnen und erhalten L\u00f6sungsstrategien, um diese zu vermeiden<\/li>\n<li>Sie trainieren Ihr Englisch, da der Workshop in der Fremdsprache stattfindet<\/li>\n<\/ul>\n<p>&nbsp;<\/p>\n<p><strong>Zielgruppe:<\/strong><\/p>\n<p>Mitarbeiterinnen und Mitarbeiter, die beruflich h\u00e4ufig Auslandskontakte haben oder einen Auslandsaufenthalt in den entsprechenden Zielkulturen planen<\/p>\n<p>&nbsp;<\/p>\n<p><strong>Dauer:<\/strong> ca. 3 Stunden<\/p>\n<p>&nbsp;<\/p>\n<p><strong>Leitung, Methodik und Kontext des Workshops:<\/strong><\/p>\n<p>Der Workshop wird von Sch\u00fclern der 12. Klasse des Otto-von-Taube Gymnasiums Gauting durchgef\u00fchrt. Er wurde im Rahmen des P-Seminars Radio mit Leitfach Englisch erarbeitet, weshalb auch kurze Radiospots der Gymnasiasten zur Veranschaulichung der Inhalte eingesetzt werden.<\/p>\n<p>Des Weiteren steht das Projekt im Kontext der Initiative Weitblick \u2013 Sch\u00fcler in Aktion e.V., die 2006 in Gauting gegr\u00fcndet und inzwischen mehrfach ausgezeichnet wurde (Deutscher Innovationspreis 2007, Wettbewerb des Bundespr\u00e4sidenten f\u00fcr globale Zusammenarbeit 2010). Unter dem Motto \u201eLernen und Helfen\u201c stellen Sch\u00fcler Produkte her oder f\u00fchren Veranstaltungen durch und finanzieren mit dem Erl\u00f6s eine Schule in Indien. Auch der Erl\u00f6s dieses Workshops kommt dem Schulbau zu Gute.<\/p>\n<p>&nbsp;[\/vc_column_text][\/vc_tta_section][\/vc_tta_accordion][\/vc_column][\/vc_row]<\/p>\n<\/div>","protected":false},"excerpt":{"rendered":"<p>[vc_row][vc_column][vc_column_text] &nbsp; Im Rahmen des P-Seminars \u201eRadio in der Fremdsprache\u201c erwarben die Gautinger Gymnasiasten sowohl<br \/><a href=\"http:\/\/weitblick-action.de\/?page_id=126\" class=\"read-more\">Read More &raquo;<\/a><\/p>\n","protected":false},"author":1,"featured_media":1013,"parent":48,"menu_order":0,"comment_status":"closed","ping_status":"closed","template":"","meta":{"footnotes":""},"class_list":["post-126","page","type-page","status-publish","has-post-thumbnail","hentry","blog-item"],"_links":{"self":[{"href":"http:\/\/weitblick-action.de\/index.php?rest_route=\/wp\/v2\/pages\/126","targetHints":{"allow":["GET"]}}],"collection":[{"href":"http:\/\/weitblick-action.de\/index.php?rest_route=\/wp\/v2\/pages"}],"about":[{"href":"http:\/\/weitblick-action.de\/index.php?rest_route=\/wp\/v2\/types\/page"}],"author":[{"embeddable":true,"href":"http:\/\/weitblick-action.de\/index.php?rest_route=\/wp\/v2\/users\/1"}],"replies":[{"embeddable":true,"href":"http:\/\/weitblick-action.de\/index.php?rest_route=%2Fwp%2Fv2%2Fcomments&post=126"}],"version-history":[{"count":19,"href":"http:\/\/weitblick-action.de\/index.php?rest_route=\/wp\/v2\/pages\/126\/revisions"}],"predecessor-version":[{"id":1320,"href":"http:\/\/weitblick-action.de\/index.php?rest_route=\/wp\/v2\/pages\/126\/revisions\/1320"}],"up":[{"embeddable":true,"href":"http:\/\/weitblick-action.de\/index.php?rest_route=\/wp\/v2\/pages\/48"}],"wp:featuredmedia":[{"embeddable":true,"href":"http:\/\/weitblick-action.de\/index.php?rest_route=\/wp\/v2\/media\/1013"}],"wp:attachment":[{"href":"http:\/\/weitblick-action.de\/index.php?rest_route=%2Fwp%2Fv2%2Fmedia&parent=126"}],"curies":[{"name":"wp","href":"https:\/\/api.w.org\/{rel}","templated":true}]}}