{"id":138,"date":"2017-11-08T12:43:07","date_gmt":"2017-11-08T11:43:07","guid":{"rendered":"http:\/\/weitblick-action.de\/?page_id=138"},"modified":"2018-01-30T13:08:02","modified_gmt":"2018-01-30T12:08:02","slug":"bombay-bar","status":"publish","type":"page","link":"http:\/\/weitblick-action.de\/?page_id=138","title":{"rendered":"Bombay Bar"},"content":{"rendered":"<p><a href=\"http:\/\/weitblick-action.de\/wp\/wp-content\/uploads\/2018\/01\/014_web.jpg\"><img loading=\"lazy\" decoding=\"async\" class=\"alignnone wp-image-735 size-large\" src=\"http:\/\/weitblick-action.de\/wp\/wp-content\/uploads\/2018\/01\/014_web-1024x768.jpg\" alt=\"\" width=\"900\" height=\"675\" srcset=\"http:\/\/weitblick-action.de\/wp\/wp-content\/uploads\/2018\/01\/014_web-1024x768.jpg 1024w, http:\/\/weitblick-action.de\/wp\/wp-content\/uploads\/2018\/01\/014_web-300x225.jpg 300w, http:\/\/weitblick-action.de\/wp\/wp-content\/uploads\/2018\/01\/014_web-768x576.jpg 768w, http:\/\/weitblick-action.de\/wp\/wp-content\/uploads\/2018\/01\/014_web-340x255.jpg 340w, http:\/\/weitblick-action.de\/wp\/wp-content\/uploads\/2018\/01\/014_web.jpg 1440w\" sizes=\"auto, (max-width: 900px) 100vw, 900px\" \/><\/a><\/p>\n<p>Am <a href=\"http:\/\/www.ovmg.de\/\">Oskar-von-Miller Gymnasium<\/a> in M\u00fcnchen wurde am 8.3.2008 im Rahmen des Tags der offenen T\u00fcr eine \u201eBombay-Bar\u201c eingerichtet. Die Sch\u00fclerinnen und Sch\u00fcler setzten sich unter der Leitung von Dorottya Ruisz im Englischunterrichts mit Indien auseinander, erstellten Plakate und luden eine in der Region lebende Inderin in die Klasse ein. Interkulturelles Lernen wurde auf diese Weise in Theorie und Praxis erfahrbar. Am Tag der offenen T\u00fcr war es m\u00f6glich, bei traditionellen indischen Lassis und Snacks in der \u201eBombay-Bar\u201c mehr \u00fcber Indien zu erfahren und sich auszutauschen. Der Erl\u00f6s wurde f\u00fcr den <a href=\"http:\/\/weitblick-action.de\/wp\/?page_id=100\">Schulbau in Telangana<\/a> gespendet.<\/p>\n<p><a href=\"http:\/\/weitblick-action.de\/wp\/wp-content\/uploads\/2018\/01\/007_web.jpg\"><img loading=\"lazy\" decoding=\"async\" class=\"wp-image-734 size-thumbnail alignleft\" src=\"http:\/\/weitblick-action.de\/wp\/wp-content\/uploads\/2018\/01\/007_web-150x150.jpg\" alt=\"\" width=\"150\" height=\"150\" \/><\/a><a href=\"http:\/\/weitblick-action.de\/wp\/wp-content\/uploads\/2018\/01\/019.jpg\"><img loading=\"lazy\" decoding=\"async\" class=\"size-thumbnail wp-image-733 alignleft\" src=\"http:\/\/weitblick-action.de\/wp\/wp-content\/uploads\/2018\/01\/019-150x150.jpg\" alt=\"\" width=\"150\" height=\"150\" \/><\/a><\/p>\n","protected":false},"excerpt":{"rendered":"<p>Am Oskar-von-Miller Gymnasium in M\u00fcnchen wurde am 8.3.2008 im Rahmen des Tags der offenen T\u00fcr<br \/><a href=\"http:\/\/weitblick-action.de\/?page_id=138\" class=\"read-more\">Read More &raquo;<\/a><\/p>\n","protected":false},"author":1,"featured_media":735,"parent":48,"menu_order":0,"comment_status":"closed","ping_status":"closed","template":"","meta":{"footnotes":""},"class_list":["post-138","page","type-page","status-publish","has-post-thumbnail","hentry","blog-item"],"_links":{"self":[{"href":"http:\/\/weitblick-action.de\/index.php?rest_route=\/wp\/v2\/pages\/138","targetHints":{"allow":["GET"]}}],"collection":[{"href":"http:\/\/weitblick-action.de\/index.php?rest_route=\/wp\/v2\/pages"}],"about":[{"href":"http:\/\/weitblick-action.de\/index.php?rest_route=\/wp\/v2\/types\/page"}],"author":[{"embeddable":true,"href":"http:\/\/weitblick-action.de\/index.php?rest_route=\/wp\/v2\/users\/1"}],"replies":[{"embeddable":true,"href":"http:\/\/weitblick-action.de\/index.php?rest_route=%2Fwp%2Fv2%2Fcomments&post=138"}],"version-history":[{"count":6,"href":"http:\/\/weitblick-action.de\/index.php?rest_route=\/wp\/v2\/pages\/138\/revisions"}],"predecessor-version":[{"id":739,"href":"http:\/\/weitblick-action.de\/index.php?rest_route=\/wp\/v2\/pages\/138\/revisions\/739"}],"up":[{"embeddable":true,"href":"http:\/\/weitblick-action.de\/index.php?rest_route=\/wp\/v2\/pages\/48"}],"wp:featuredmedia":[{"embeddable":true,"href":"http:\/\/weitblick-action.de\/index.php?rest_route=\/wp\/v2\/media\/735"}],"wp:attachment":[{"href":"http:\/\/weitblick-action.de\/index.php?rest_route=%2Fwp%2Fv2%2Fmedia&parent=138"}],"curies":[{"name":"wp","href":"https:\/\/api.w.org\/{rel}","templated":true}]}}