{"id":144,"date":"2017-11-08T12:43:47","date_gmt":"2017-11-08T11:43:47","guid":{"rendered":"http:\/\/weitblick-action.de\/?page_id=144"},"modified":"2018-04-11T13:30:32","modified_gmt":"2018-04-11T11:30:32","slug":"poetische-texte-vertonen-und-helfen","status":"publish","type":"page","link":"http:\/\/weitblick-action.de\/?page_id=144","title":{"rendered":"Poetische Texte vertonen und helfen"},"content":{"rendered":"<div class=\"wpb-content-wrapper\"><p>[vc_row][vc_column][vc_column_text]<a href=\"http:\/\/weitblick-action.de\/wp\/wp-content\/uploads\/2018\/01\/aktion_vertonen_arbeitsgruppe.jpg\"><img loading=\"lazy\" decoding=\"async\" class=\"wp-image-633 size-medium alignright\" src=\"http:\/\/weitblick-action.de\/wp\/wp-content\/uploads\/2018\/01\/aktion_vertonen_arbeitsgruppe-294x300.jpg\" alt=\"\" width=\"294\" height=\"300\" srcset=\"http:\/\/weitblick-action.de\/wp\/wp-content\/uploads\/2018\/01\/aktion_vertonen_arbeitsgruppe-294x300.jpg 294w, http:\/\/weitblick-action.de\/wp\/wp-content\/uploads\/2018\/01\/aktion_vertonen_arbeitsgruppe-250x255.jpg 250w, http:\/\/weitblick-action.de\/wp\/wp-content\/uploads\/2018\/01\/aktion_vertonen_arbeitsgruppe.jpg 600w\" sizes=\"auto, (max-width: 294px) 100vw, 294px\" \/><\/a>Bei der Arbeitsgemeinschaft \u201eVertonung poetischer Texte\u201c handelt es sich um eine Neigungsgruppe von Sch\u00fclerinnen und Sch\u00fclern der Mittelstufe des Gymnasiums Gr\u00f6benzell. Unter der Leitung von Deutsch\/Englisch-Lehrer <a href=\"http:\/\/www.slapjack.org\">Gregory Nohr<\/a>, der selbst begeisterter Musiker ist, vertonten sie ein Jahr lang Gedichte. Dabei wurde zum Beispiel neben bekannten Gedichten von Brecht und K\u00e4stner auch das Gedicht einer Sch\u00fclerin vertont. Die Sch\u00fclerinnen und Sch\u00fcler arbeiteten dabei relativ selbst\u00e4ndig in zwei Kleingruppen von circa sechs Teilnehmern an den musikalischen Interpretationen.<\/p>\n<p>Die Ergebnisse der Arbeit wurden der \u00d6ffentlichkeit an diversen Schulkonzerten live pr\u00e4sentiert. Dar\u00fcber hinaus wurden 80% der Einnahmen aus dem Verkauf der CD-Aufnahmen f\u00fcr das <a href=\"?page_id=100\">Weitblick-Projekt<\/a> (Schulbau in Telangana) gespendet.[\/vc_column_text][vc_gallery type=&#8221;image_grid&#8221; images=&#8221;637,636,635,634&#8243;][vc_column_text]<strong>Vertonte Balladen:<\/strong><\/p>\n<p>&nbsp;<\/p>\n<p>Waldgespraech<\/p>\n<audio class=\"wp-audio-shortcode\" id=\"audio-144-1\" preload=\"none\" style=\"width: 100%;\" controls=\"controls\"><source type=\"audio\/mpeg\" src=\"http:\/\/weitblick-action.de\/wp\/wp-content\/uploads\/2018\/02\/waldgespraech.mp3?_=1\" \/><a href=\"http:\/\/weitblick-action.de\/wp\/wp-content\/uploads\/2018\/02\/waldgespraech.mp3\">http:\/\/weitblick-action.de\/wp\/wp-content\/uploads\/2018\/02\/waldgespraech.mp3<\/a><\/audio>\n<p>&nbsp;<\/p>\n<p>Sachliche Romanze<\/p>\n<audio class=\"wp-audio-shortcode\" id=\"audio-144-2\" preload=\"none\" style=\"width: 100%;\" controls=\"controls\"><source type=\"audio\/mpeg\" src=\"http:\/\/weitblick-action.de\/wp\/wp-content\/uploads\/2018\/02\/sachliche_romanze.mp3?_=2\" \/><a href=\"http:\/\/weitblick-action.de\/wp\/wp-content\/uploads\/2018\/02\/sachliche_romanze.mp3\">http:\/\/weitblick-action.de\/wp\/wp-content\/uploads\/2018\/02\/sachliche_romanze.mp3<\/a><\/audio>\n<p>&nbsp;<\/p>\n<p>Erinnerung an Marie<\/p>\n<p><audio class=\"wp-audio-shortcode\" id=\"audio-144-3\" preload=\"none\" style=\"width: 100%;\" controls=\"controls\"><source type=\"audio\/mpeg\" src=\"http:\/\/weitblick-action.de\/wp\/wp-content\/uploads\/2018\/02\/erinnerung_an_marie_a.mp3?_=3\" \/><a href=\"http:\/\/weitblick-action.de\/wp\/wp-content\/uploads\/2018\/02\/erinnerung_an_marie_a.mp3\">http:\/\/weitblick-action.de\/wp\/wp-content\/uploads\/2018\/02\/erinnerung_an_marie_a.mp3<\/a><\/audio>[\/vc_column_text][\/vc_column][\/vc_row]<\/p>\n<\/div>","protected":false},"excerpt":{"rendered":"<p>[vc_row][vc_column][vc_column_text]Bei der Arbeitsgemeinschaft \u201eVertonung poetischer Texte\u201c handelt es sich um eine Neigungsgruppe von Sch\u00fclerinnen und<br \/><a href=\"http:\/\/weitblick-action.de\/?page_id=144\" class=\"read-more\">Read More &raquo;<\/a><\/p>\n","protected":false},"author":1,"featured_media":633,"parent":48,"menu_order":0,"comment_status":"closed","ping_status":"closed","template":"","meta":{"footnotes":""},"class_list":["post-144","page","type-page","status-publish","has-post-thumbnail","hentry","blog-item"],"_links":{"self":[{"href":"http:\/\/weitblick-action.de\/index.php?rest_route=\/wp\/v2\/pages\/144","targetHints":{"allow":["GET"]}}],"collection":[{"href":"http:\/\/weitblick-action.de\/index.php?rest_route=\/wp\/v2\/pages"}],"about":[{"href":"http:\/\/weitblick-action.de\/index.php?rest_route=\/wp\/v2\/types\/page"}],"author":[{"embeddable":true,"href":"http:\/\/weitblick-action.de\/index.php?rest_route=\/wp\/v2\/users\/1"}],"replies":[{"embeddable":true,"href":"http:\/\/weitblick-action.de\/index.php?rest_route=%2Fwp%2Fv2%2Fcomments&post=144"}],"version-history":[{"count":26,"href":"http:\/\/weitblick-action.de\/index.php?rest_route=\/wp\/v2\/pages\/144\/revisions"}],"predecessor-version":[{"id":1205,"href":"http:\/\/weitblick-action.de\/index.php?rest_route=\/wp\/v2\/pages\/144\/revisions\/1205"}],"up":[{"embeddable":true,"href":"http:\/\/weitblick-action.de\/index.php?rest_route=\/wp\/v2\/pages\/48"}],"wp:featuredmedia":[{"embeddable":true,"href":"http:\/\/weitblick-action.de\/index.php?rest_route=\/wp\/v2\/media\/633"}],"wp:attachment":[{"href":"http:\/\/weitblick-action.de\/index.php?rest_route=%2Fwp%2Fv2%2Fmedia&parent=144"}],"curies":[{"name":"wp","href":"https:\/\/api.w.org\/{rel}","templated":true}]}}