{"id":164,"date":"2017-11-08T12:46:23","date_gmt":"2017-11-08T11:46:23","guid":{"rendered":"http:\/\/weitblick-action.de\/?page_id=164"},"modified":"2018-06-11T11:23:47","modified_gmt":"2018-06-11T09:23:47","slug":"grundungsfeier","status":"publish","type":"page","link":"http:\/\/weitblick-action.de\/?page_id=164","title":{"rendered":"Gr\u00fcndungsfeier"},"content":{"rendered":"<div class=\"wpb-content-wrapper\"><p>[vc_row][vc_column][vc_empty_space][vc_column_text]<a href=\"http:\/\/weitblick-action.de\/wp\/wp-content\/uploads\/2018\/04\/aktion_schreiben_promoaktion.jpg\"><img loading=\"lazy\" decoding=\"async\" class=\"aligncenter size-full wp-image-1146\" src=\"http:\/\/weitblick-action.de\/wp\/wp-content\/uploads\/2018\/04\/aktion_schreiben_promoaktion.jpg\" alt=\"\" width=\"800\" height=\"697\" srcset=\"http:\/\/weitblick-action.de\/wp\/wp-content\/uploads\/2018\/04\/aktion_schreiben_promoaktion.jpg 800w, http:\/\/weitblick-action.de\/wp\/wp-content\/uploads\/2018\/04\/aktion_schreiben_promoaktion-300x261.jpg 300w, http:\/\/weitblick-action.de\/wp\/wp-content\/uploads\/2018\/04\/aktion_schreiben_promoaktion-768x669.jpg 768w, http:\/\/weitblick-action.de\/wp\/wp-content\/uploads\/2018\/04\/aktion_schreiben_promoaktion-293x255.jpg 293w\" sizes=\"auto, (max-width: 800px) 100vw, 800px\" \/><\/a><\/p>\n<p>&nbsp;<\/p>\n<p><strong>Vereinsgr\u00fcndungsfeier und Heftverkauf in Starnberg\u00a0\u00a0<\/strong><\/p>\n<p>( 22.3.2006 \/ Von Antonia Hox, 6a)<\/p>\n<p>Alles fing damit an, dass wir eine Zeitung mit dem Titel Deutsch-indische Begegnung herausgebracht haben. Wir wollten eine andere Kultur kennen lernen und mit dem Erl\u00f6s der Zeitung bed\u00fcrftigen Kindern helfen. Und das Ganze sollte nat\u00fcrlich Spa\u00df machen. Unser Konzept war sehr erfolgreich und so kam es, dass aus unserer Sch\u00fclerinitiative ein gemeinn\u00fctziger Verein mit dem Titel Weitblick \u2013 Sch\u00fcler in Aktion e.V. wurde. Das hei\u00dft an unseren Projekten d\u00fcrfen jetzt auch andere Schulen teilnehmen.<\/p>\n<p>&nbsp;<\/p>\n<p><a href=\"http:\/\/weitblick-action.de\/wp\/wp-content\/uploads\/2018\/04\/aktion_schreiben_promoaktion_shake.jpg\"><img loading=\"lazy\" decoding=\"async\" class=\"aligncenter size-full wp-image-1148\" src=\"http:\/\/weitblick-action.de\/wp\/wp-content\/uploads\/2018\/04\/aktion_schreiben_promoaktion_shake.jpg\" alt=\"\" width=\"800\" height=\"708\" srcset=\"http:\/\/weitblick-action.de\/wp\/wp-content\/uploads\/2018\/04\/aktion_schreiben_promoaktion_shake.jpg 800w, http:\/\/weitblick-action.de\/wp\/wp-content\/uploads\/2018\/04\/aktion_schreiben_promoaktion_shake-300x266.jpg 300w, http:\/\/weitblick-action.de\/wp\/wp-content\/uploads\/2018\/04\/aktion_schreiben_promoaktion_shake-768x680.jpg 768w, http:\/\/weitblick-action.de\/wp\/wp-content\/uploads\/2018\/04\/aktion_schreiben_promoaktion_shake-288x255.jpg 288w\" sizes=\"auto, (max-width: 800px) 100vw, 800px\" \/><\/a><br \/>\nDie Vereinsgr\u00fcndung war ein guter Anlass, um zu feiern und um die restlichen Hefte zu verkaufen. Also fuhren wir am Mittwoch, 22. M\u00e4rz 2006 nach der Schule mit Frau Stoll (Projektleiterin) und Herrn Kisters (Informatiklehrer) nach Starnberg zur Naturkostinsel. Dort angekommen bauten wir unseren Stand auf, malten Plakate, mixten indischen Lassi und verkauften unsere Zeitung. So verbrachten wir den ganzen Nachmittag und gingen am Ende des Tages gl\u00fccklich und stolz nach Hause.<\/p>\n<p>&nbsp;<\/p>\n<p><a href=\"http:\/\/weitblick-action.de\/wp\/wp-content\/uploads\/2018\/04\/aktion_schreiben_promoaktion_cheez.jpg\"><img loading=\"lazy\" decoding=\"async\" class=\"aligncenter size-full wp-image-1147\" src=\"http:\/\/weitblick-action.de\/wp\/wp-content\/uploads\/2018\/04\/aktion_schreiben_promoaktion_cheez.jpg\" alt=\"\" width=\"800\" height=\"715\" srcset=\"http:\/\/weitblick-action.de\/wp\/wp-content\/uploads\/2018\/04\/aktion_schreiben_promoaktion_cheez.jpg 800w, http:\/\/weitblick-action.de\/wp\/wp-content\/uploads\/2018\/04\/aktion_schreiben_promoaktion_cheez-300x268.jpg 300w, http:\/\/weitblick-action.de\/wp\/wp-content\/uploads\/2018\/04\/aktion_schreiben_promoaktion_cheez-768x686.jpg 768w, http:\/\/weitblick-action.de\/wp\/wp-content\/uploads\/2018\/04\/aktion_schreiben_promoaktion_cheez-285x255.jpg 285w\" sizes=\"auto, (max-width: 800px) 100vw, 800px\" \/><\/a>[\/vc_column_text][\/vc_column][\/vc_row]<\/p>\n<\/div>","protected":false},"excerpt":{"rendered":"<p>[vc_row][vc_column][vc_empty_space][vc_column_text] &nbsp; Vereinsgr\u00fcndungsfeier und Heftverkauf in Starnberg\u00a0\u00a0 ( 22.3.2006 \/ Von Antonia Hox, 6a) Alles<br \/><a href=\"http:\/\/weitblick-action.de\/?page_id=164\" class=\"read-more\">Read More &raquo;<\/a><\/p>\n","protected":false},"author":1,"featured_media":0,"parent":52,"menu_order":0,"comment_status":"closed","ping_status":"closed","template":"","meta":{"footnotes":""},"class_list":["post-164","page","type-page","status-publish","hentry","blog-item"],"_links":{"self":[{"href":"http:\/\/weitblick-action.de\/index.php?rest_route=\/wp\/v2\/pages\/164","targetHints":{"allow":["GET"]}}],"collection":[{"href":"http:\/\/weitblick-action.de\/index.php?rest_route=\/wp\/v2\/pages"}],"about":[{"href":"http:\/\/weitblick-action.de\/index.php?rest_route=\/wp\/v2\/types\/page"}],"author":[{"embeddable":true,"href":"http:\/\/weitblick-action.de\/index.php?rest_route=\/wp\/v2\/users\/1"}],"replies":[{"embeddable":true,"href":"http:\/\/weitblick-action.de\/index.php?rest_route=%2Fwp%2Fv2%2Fcomments&post=164"}],"version-history":[{"count":6,"href":"http:\/\/weitblick-action.de\/index.php?rest_route=\/wp\/v2\/pages\/164\/revisions"}],"predecessor-version":[{"id":1364,"href":"http:\/\/weitblick-action.de\/index.php?rest_route=\/wp\/v2\/pages\/164\/revisions\/1364"}],"up":[{"embeddable":true,"href":"http:\/\/weitblick-action.de\/index.php?rest_route=\/wp\/v2\/pages\/52"}],"wp:attachment":[{"href":"http:\/\/weitblick-action.de\/index.php?rest_route=%2Fwp%2Fv2%2Fmedia&parent=164"}],"curies":[{"name":"wp","href":"https:\/\/api.w.org\/{rel}","templated":true}]}}