{"id":1658,"date":"2019-05-02T10:14:15","date_gmt":"2019-05-02T08:14:15","guid":{"rendered":"http:\/\/weitblick-action.de\/?page_id=1658"},"modified":"2019-09-12T22:20:09","modified_gmt":"2019-09-12T20:20:09","slug":"gpp-josef-effner-gymnasium-dachau","status":"publish","type":"page","link":"http:\/\/weitblick-action.de\/?page_id=1658","title":{"rendered":"GPP Josef-Effner-Gymnasium Dachau"},"content":{"rendered":"<div class=\"wpb-content-wrapper\"><p>[vc_row][vc_column][vc_single_image image=&#8221;1247&#8243; img_size=&#8221;medium&#8221; alignment=&#8221;center&#8221;][vc_column_text]<\/p>\n<p style=\"text-align: center;\">What if I told you about a world<br \/>\nwhere love meant weakness<br \/>\nand guns guaranteed power.<br \/>\nWhat if I told you about a world<br \/>\nwhere trust was missing<br \/>\nand brutality began to rule.<br \/>\nWhat if I told you about a world<br \/>\nwhere people stopped talking<br \/>\nand started shooting<br \/>\nAnd what if I told you<br \/>\nthat you could change this world<br \/>\nwith just speaking up.<br \/>\nWould you?<\/p>\n<p style=\"text-align: center;\"><strong>Mariele Wolter<\/strong><\/p>\n<p>&nbsp;[\/vc_column_text][vc_column_text]<\/p>\n<p style=\"text-align: center;\">Was wenn ich dir von einer Welt erz\u00e4hlen w\u00fcrde,<br \/>\nin der Liebe Schw\u00e4che bedeutete<br \/>\nund Waffen Macht garantierten<br \/>\nWas wenn ich dir von einer Welt erz\u00e4hlen w\u00fcrde<br \/>\nin der Vertrauen fehlte<br \/>\nund Brutalit\u00e4t regierte.<br \/>\nWas wenn ich dir von einer Welt erz\u00e4hlen w\u00fcrde,<br \/>\nin der die Menschen aufh\u00f6rten miteinander zu reden<br \/>\nund anfingen zu schie\u00dfen.<br \/>\nUnd was wenn ich dir erz\u00e4hlen w\u00fcrde,<br \/>\ndass du diese Welt ver\u00e4ndern k\u00f6nntest,<br \/>\nindem du dich laut machst.<br \/>\nW\u00fcrdest du?<\/p>\n<p style=\"text-align: center;\"><strong>Mariele Wolter<\/strong><\/p>\n<p>&nbsp;[\/vc_column_text][vc_separator][vc_column_text]<\/p>\n<p style=\"text-align: center;\">Wie sch\u00f6n ist die Vorstellung,<br \/>\nin seinem Leben nur Liebe zu versp\u00fcren,<br \/>\nsein Leben in ewigem Frieden zu f\u00fchren,<br \/>\nund sein Leben in Sicherheit zu wissen?<br \/>\nDoch dies bleibt eine Vorstellung,<br \/>\nsolange der Mensch andere zerst\u00f6rt,<br \/>\nsolange der Mensch sich selbst zerst\u00f6rt,<br \/>\nsolange zum Mensch Waffen geh\u00f6ren.<br \/>\nDeshalb m\u00fcssen wir k\u00e4mpfen,<br \/>\njedoch nicht mit Waffen,<br \/>\nsondern gegen sie,<br \/>\ndamit jene Vorstellung<br \/>\nkeine Vorstellung bleibt.<\/p>\n<p style=\"text-align: center;\"><strong>Sonja Kittelberger, Sonja Tobien<\/strong><\/p>\n<p>&nbsp;[\/vc_column_text][vc_column_text]<\/p>\n<p style=\"text-align: center;\">What a beautiful imagination is it,<br \/>\nto feel pure love in one\u2019s life,<br \/>\nto be inspired by eternal peace,<br \/>\nto know that one\u2019s life is a safe one?<br \/>\nBut it stays an imagination,<br \/>\nas long as humans destroy others,<br \/>\nas long as humans destroy themselves,<br \/>\nas long as humans own weapons.<br \/>\nThat is why we have to fight,<br \/>\nnot with weapons,<br \/>\nbut against them,<br \/>\nso that this imagination<br \/>\nwon\u2019t be an imagination.<\/p>\n<p style=\"text-align: center;\"><strong>Sonja Kittelberger, Sonja Tobien<\/strong><\/p>\n<p>&nbsp;[\/vc_column_text][vc_column_text]<\/p>\n<p style=\"text-align: center;\">Milyen sz\u00e9p elk\u00e9pzelni,<br \/>\naz \u00e9letben csup\u00e1n szerelmet \u00e9rezni,<br \/>\naz \u00e9letedet \u00f6r\u00f6k b\u00e9k\u00e9ben \u00e9lni,<br \/>\n\u00e9s tudni, hogy az \u00e9leted biztons\u00e1gban van.<br \/>\nDe ez csak egy gondolat marad,<br \/>\nam\u00edg az ember m\u00e0sokat elpuszt\u00edt,<br \/>\nam\u00edg mag\u00e1t elpuszt\u00edtja,<br \/>\nam\u00edg az embenek fegyverei vannak.<br \/>\nEz\u00e9rt harcolnunk kell,<br \/>\nde nem fegyverekkel,<br \/>\nhanem ellen\u00fck,<br \/>\nhogy ez a gongolat,<br \/>\nne cask gordolat<br \/>\nmaradjon.<\/p>\n<p style=\"text-align: center;\"><strong>Sonja Kittelberger, Sonja Tobien<\/strong><\/p>\n<p>&nbsp;[\/vc_column_text][vc_separator][vc_column_text]<\/p>\n<h3 style=\"text-align: center;\">Ein Leben in Frieden<\/h3>\n<p>&nbsp;<\/p>\n<p style=\"text-align: center;\">Ein Leben in Frieden w\u00e4re sch\u00f6n,<br \/>\nendlich angstlos spazieren geh\u2019n.<br \/>\nAber all das bleibt Utopie,<br \/>\nRealit\u00e4t wird\u2019s sicher nie,<br \/>\nsolang\u2018 man nichts unternimmt,<br \/>\nweil in der Welt vieles nicht stimmt.<br \/>\nSchreiben und Reden wird nichts bringen,<br \/>\netwas tun m\u00fcssen wir,<br \/>\nnicht Friedenslieder singen,<br \/>\ndoch handeln \u2013 heut\u2018 und hier!<br \/>\nDenn nur allein die frommen Tr\u00e4ume,<br \/>\nsind ja blo\u00df tatenlose Sch\u00e4ume!<\/p>\n<p style=\"text-align: center;\"><strong>Maximilian Br\u00fccklmayr<\/strong><\/p>\n<p>&nbsp;[\/vc_column_text][vc_column_text]<\/p>\n<h3 style=\"text-align: center;\">A life in peace<\/h3>\n<p>&nbsp;<\/p>\n<p style=\"text-align: center;\">A life in peace would be lovely,<br \/>\nfinally fearless going for a walk.<br \/>\nBut all that will stay utopia,<br \/>\nit won\u2019t become reality,<br \/>\nso long as nothing is done,<br \/>\nbecause many things in the world aren\u2019t right.<br \/>\nWriting and speaking won\u2019t change anything,<br \/>\nWe must do something,<br \/>\nno peace-songs to sing,<br \/>\nbut take action \u2013 now and here!<br \/>\nBecause only the pious dreams,<br \/>\nare just idle froths!<\/p>\n<p style=\"text-align: center;\"><strong>Maximilian Br\u00fccklmayr<\/strong><\/p>\n<p>&nbsp;[\/vc_column_text][vc_column_text]<\/p>\n<h3 style=\"text-align: center;\">Egy \u00e9let b\u00e9keben<\/h3>\n<p>&nbsp;<\/p>\n<p style=\"text-align: center;\">Egy \u00e9let b\u00e9keben lenne sz\u00e9p,<br \/>\nv\u00e9gre nelk\u00fcl f\u00e9lelem s\u00e9t\u00e1lni.<br \/>\nDe minden marad ut\u00f3pia.<br \/>\nRealit\u00e1s fog biztos nem,<br \/>\naddig senki nincs csin\u00e1l,<br \/>\nmert a vil\u00e1gban sokat nem stimmel.<br \/>\nIrni es besz\u00e9lni fog nincs el\u00e9r,<br \/>\nvalami kell csin\u00e1lunk,<br \/>\nne b\u00e9kedalt \u00e9nekel,<br \/>\nde cselekszik ma es itt.<br \/>\nMert csak egyed\u00fcl a ny\u00e1rialomok,<br \/>\nvan csak t\u00e9tlen\u00fcl habok!<\/p>\n<p style=\"text-align: center;\"><strong>Maximilian Br\u00fccklmayr<\/strong><\/p>\n<p>&nbsp;[\/vc_column_text][vc_separator][vc_column_text]<\/p>\n<p style=\"text-align: center;\">A boy sits on the ground<br \/>\nhis back is bent, his hands are bound<br \/>\nHe is shaking to the core<br \/>\nhis mouth is dry, his feet are sore<br \/>\nHe can feel the fear rise in his chest<br \/>\nAwaiting his nearing death<br \/>\nTaking his last breath.<br \/>\nA gun is pointed at his head<br \/>\nHe feels himself going mad.<br \/>\nGuns are the ones to blame!<br \/>\nWe have to take another lane!<br \/>\nJust imagine how life would be<br \/>\nfull of joy and harmony.<br \/>\nNo more violence, death and sorrow<br \/>\nthat would be a great tomorrow.<\/p>\n<p style=\"text-align: center;\"><strong>F\u00e9e van Cronenburg, Myriam Kuffner, Laura Wackerl<\/strong><\/p>\n<p>&nbsp;[\/vc_column_text][vc_column_text]<\/p>\n<p style=\"text-align: center;\">Ein Junge sitzt auf dem Boden<br \/>\nmit gekr\u00fcmmtem R\u00fccken und gefesselten H\u00e4nden,<br \/>\nEr zittert am ganzen K\u00f6rper,<br \/>\nsein Mund ist trocken, seine F\u00fc\u00dfe wund,<br \/>\nEr sp\u00fcrt die Angst in seinem Inneren,<br \/>\nwartet auf seinen Tod,<br \/>\nund nimmt seinen letzten Atemzug.<br \/>\nEine Waffe ist auf seinen Kopf gerichtet.<br \/>\nEr sp\u00fcrt, wie er verr\u00fcckt wird.<br \/>\nSchuld an allem sind die Waffen!<br \/>\nOhne Gewalt \u2013 wir k\u00f6nnen das schaffen!<br \/>\nWie es wohl sein k\u00f6nnte,<br \/>\nein Leben voll Spa\u00df und Harmonie<br \/>\nohne Gewalt, Tod und Sorgen,<br \/>\ndas w\u00e4re ein wunderbares Morgen!<\/p>\n<p style=\"text-align: center;\"><strong>F\u00e9e van Cronenburg, Myriam Kuffner, Laura Wackerl<\/strong><\/p>\n<p>&nbsp;[\/vc_column_text][vc_column_text]<\/p>\n<p style=\"text-align: center;\">Un gar\u00e7on est assis sur le sol<br \/>\nSon dos est tordu, ses mains sont li\u00e9es.<br \/>\nTout son corps tremble.<br \/>\nSa bouche est s\u00e8che, ses pieds sont bless\u00e9s.<br \/>\nIl peut sentir l\u2019angoisse monter dans son coeur,<br \/>\nAttendant que sa mort s\u2019approche,<br \/>\nPrenant son dernier souffle.<br \/>\nUn pistolet est pos\u00e9 sur sa t\u00eate<br \/>\net il peut sentir lui-m\u00eame qu\u2019il devient fou.<br \/>\nTout \u00e7a, c\u2019est la faute des armes!<br \/>\nNous devons finalement prendre un autre chemin!<br \/>\nImagine comme \u00e7a serait \u2013<br \/>\nUne vie pleine de joie et d\u2019harmonie,<br \/>\nsans violence, mort ou chagrin<br \/>\n\u00e7a serait un formidable lendemain!<\/p>\n<p style=\"text-align: center;\"><strong>F\u00e9e van Cronenburg, Myriam Kuffner, Laura Wackerl<\/strong><\/p>\n<p>&nbsp;[\/vc_column_text][vc_separator][vc_column_text]<\/p>\n<p style=\"text-align: center;\">Will there ever be a world without guns?<br \/>\nWill there ever be a world full of love and peace?<br \/>\nWill there ever be a world without war?<br \/>\nWill there ever be a world living in harmony?<br \/>\nIs there safety for our children?<br \/>\nIs there any hope?<br \/>\nIs there any chance?<br \/>\nCan we unite the whole world?<br \/>\nCan we make the world a better place?<br \/>\nYes, we can!!!<\/p>\n<p style=\"text-align: center;\"><strong>Jessica Schmidt, Lorena Pluijms, Manon Hartmann, Karina Birkel<\/strong><\/p>\n<p>&nbsp;[\/vc_column_text][vc_column_text]<\/p>\n<p style=\"text-align: center;\">Wird es jemals eine Welt ohne Waffen geben?<br \/>\nWird es jemals eine Welt voller Liebe und Frieden geben?<br \/>\nWird es jemals eine Welt ohne Krieg geben?<br \/>\nWird es jemals eine in Harmonie lebende Welt geben?<br \/>\nGibt es Sicherheit f\u00fcr unsere Kinder?<br \/>\nGibt es noch Hoffnung?<br \/>\nGibt es irgendeine Chance?<br \/>\nK\u00f6nnen wir die ganze Welt vereinen?<br \/>\nK\u00f6nnen wir die Welt zu einem besseren Ort machen?<br \/>\nJa, k\u00f6nnen wir!!!<\/p>\n<p style=\"text-align: center;\"><strong>Jessica Schmidt, Lorena Pluijms, Manon Hartmann, Karina Birkel<\/strong><\/p>\n<p>&nbsp;[\/vc_column_text][vc_separator][vc_column_text]<\/p>\n<p style=\"text-align: center;\">Geboren um zu leben<br \/>\nentstanden um zu sein<br \/>\nist\u2019s menschlich doch zu streben<br \/>\nnicht nach dumpfen Schein<br \/>\nEinst so sch\u00f6n und so hell<br \/>\nwarm wie Sonnenschein<br \/>\nUnd doch mag es nicht sein<br \/>\nVergeht die Welt doch gar so schnell<br \/>\nGeschaffen um dahinzuraffen<br \/>\nzu beenden Krieg und Frieden<br \/>\nGut und b\u00f6se Waffen<br \/>\nGerechtigkeit sollt immer siegen.<br \/>\nBenutzt von schlechten M\u00e4chten<br \/>\nSei\u2019s der gute Zweck<br \/>\nTrotz allem so viel weg!<br \/>\nIst\u2019s doch nicht anzufechten<br \/>\nGeboren um zu hoffen<br \/>\nentstanden um zu \u00fcberleben<br \/>\nIst doch jeder Mensch betroffen<br \/>\ndas Schwert \u00fcber sich schweben<br \/>\nein jeder hat zu beben<\/p>\n<p style=\"text-align: center;\"><strong>Florian Ziegler<\/strong><\/p>\n<p>&nbsp;[\/vc_column_text][vc_column_text]<\/p>\n<p style=\"text-align: center;\">Born to be free<br \/>\nexisting to be<br \/>\nit\u2019s only human to strive<br \/>\nnot for vacuous pretence<br \/>\nOnce so beautiful and bright<br \/>\nwarm like sunshine<br \/>\nbut it doesn\u2019t want to be<br \/>\nworld\u2019s cracking just so fast<br \/>\nexisting to take away<br \/>\nto end war and peace<br \/>\nfood and bad weapon<br \/>\njustice should triumph<br \/>\nused by evil powers<br \/>\nthe purpose be right<br \/>\nanyways so much gone<br \/>\nthat can\u2019t be doubted<br \/>\nborn to hope<br \/>\nexisting to survive<br \/>\nconcerning every human being<br \/>\nover your head a sword lowering<br \/>\neveryone just trembling.<\/p>\n<p style=\"text-align: center;\"><strong>Florian Ziegler<\/strong><\/p>\n<p>&nbsp;[\/vc_column_text][vc_separator][vc_column_text]<\/p>\n<p style=\"text-align: center;\">Der Mensch ist am Morgen<br \/>\nganz frei von allen Sorgen<br \/>\ndoch manche sind nicht ganz frei,<br \/>\ndenn sie leiden unter Schie\u00dferei<br \/>\nSie w\u00fcnschen sich nur Frieden<br \/>\nund somit die Waffen beiseite zu schieben<br \/>\nda dies immer scheitert<br \/>\nhaben sie ihren Lebensraum erweitert.<br \/>\nAuf der Flucht vorm Krieg ins andre Land<br \/>\nweicht die Angst nicht von ihrer Hand<br \/>\nDeshalb sollen wir die Waffen<br \/>\nso schnell wie m\u00f6glich beiseite schaffen.<\/p>\n<p style=\"text-align: center;\"><strong>Franziska Gro\u00df, Lena Seiderer<\/strong><\/p>\n<p>&nbsp;[\/vc_column_text][vc_column_text]<\/p>\n<p style=\"text-align: center;\">En la ma\u00f1ana, el ser humano<br \/>\nesta completamente libre de<br \/>\ntoda preocupacion<br \/>\nPero algunos no son tan libres<br \/>\nporque sufren los tiroteos<br \/>\nSolamente desean vivir en paz<br \/>\ny dejar las armas en el pasado<br \/>\ncomo nunca lo lograron, su vida cambi\u00f3<br \/>\nMientras escapan de la Guerra<br \/>\na otro pais, el miedo permanece<br \/>\npor eso, es importante liquidar las armas (del mundo) lo mas rapido posible.<\/p>\n<p style=\"text-align: center;\"><strong>Lena Seiderer, Lorena Pluijms, Franziska Gro\u00df<\/strong><\/p>\n<p>&nbsp;[\/vc_column_text][vc_column_text]<\/p>\n<p style=\"text-align: center;\">In the morning the human is<br \/>\ncompletely free of all worries<br \/>\nbut some aren\u2019t free at all<br \/>\ndue to suffering from shootings.<br \/>\nThey just wish for peace<br \/>\nand to push away the arms<br \/>\nbecause this always doesn\u2019t work out<br \/>\nthey expanded their habitat<br \/>\non the run from the war into another country<br \/>\ntheir fear isn\u2019t given away from their hands<br \/>\nDue to this we should take the arms<br \/>\nas fast as we can way from them.<\/p>\n<p style=\"text-align: center;\"><strong>Franziska Gro\u00df, Lena Seiderer<\/strong><\/p>\n<p>&nbsp;[\/vc_column_text][vc_separator][vc_column_text]<\/p>\n<p style=\"text-align: center;\">Imagine<br \/>\nImagine life in war zones<br \/>\nImagine people living on the streets<br \/>\nIt\u2019s not a good life, is it?<br \/>\nThey are starving<br \/>\npeople are dying<br \/>\ngovernment\u2019s lying<br \/>\nIt\u2019s reality.<br \/>\nYou don\u2019t like it?<br \/>\nChange it!<\/p>\n<p style=\"text-align: center;\"><strong>Dominik Zachmann<\/strong><\/p>\n<p>&nbsp;[\/vc_column_text][vc_column_text]<\/p>\n<p style=\"text-align: center;\">Stell Dir ein Leben in Kriegszonen vor<br \/>\nStell Dir Menschen vor, die auf der Stra\u00dfe leben.<br \/>\nEs ist kein gutes Leben, oder?<br \/>\nSie verhungern,<br \/>\nMenschen sterben,<br \/>\nDie Regierung l\u00fcgt<br \/>\nEs ist die Wahrheit.<br \/>\nDu magst es nicht?<br \/>\nDir gef\u00e4llt es nicht?<br \/>\n\u00c4nder\u2018 es!<\/p>\n<p style=\"text-align: center;\"><strong>Dominik Zachmann<\/strong><\/p>\n<p>&nbsp;[\/vc_column_text][vc_column_text]<\/p>\n<p style=\"text-align: center;\">Imagine<br \/>\nDes gens vivant dans des zones de guerre<br \/>\nDes gens qui vivent dans la rue<br \/>\nce n\u2019est pas une bonne vie,<br \/>\nn\u2019est-ce pas?<br \/>\nIls n\u2019ont rien \u00e0 manger<br \/>\nIls meurent<br \/>\nLe gouvernement nous ment<br \/>\nC\u2019est la r\u00e9alit\u00e9.<br \/>\nTu n\u2019aimes pas ca?<br \/>\nAlors change-le!<\/p>\n<p style=\"text-align: center;\"><strong>Dominik Zachmann<\/strong><\/p>\n<p>&nbsp;[\/vc_column_text][vc_separator][vc_column_text]<\/p>\n<p style=\"text-align: center;\">What is peace?<br \/>\nPeace is commonly used to mean a lack of conflict<br \/>\nthat\u2019s what most people believe.<br \/>\nBut<br \/>\nto prevent conflicts and war<br \/>\npeople should strive for peaceful thinking<br \/>\nwhich will hopefully last evermore.<br \/>\nAnd if every single individual works on his behavioural peace<br \/>\nhappiness and love can increase<\/p>\n<p style=\"text-align: center;\"><strong>Carla Winter<\/strong><\/p>\n<p>&nbsp;[\/vc_column_text][vc_column_text]<\/p>\n<p style=\"text-align: center;\">Qu\u2019est-ce que le paix?<br \/>\nLe paix est un concept qui d\u00e9signe un \u00e9tat sans guerre et conflit<br \/>\nmais qui correspond aussi \u00e0 un id\u00e9al social et politique.<br \/>\nPr\u00e9venir les guerres<br \/>\nLes gens devraient s\u2019enforcer d\u2019avoir une pens\u00e9e pacifique<br \/>\net ne pas \u00eatre narcissique<br \/>\nEt si chaque individu travaille sur sa paix du comportement<br \/>\nIl y aura bonheur et de l&#8217;amour global.<\/p>\n<p style=\"text-align: center;\"><strong>Carla Winter<\/strong><\/p>\n<p>&nbsp;[\/vc_column_text][vc_column_text]<\/p>\n<p style=\"text-align: center;\">Was ist Friede?<br \/>\nFriede ist allgemein definiert<br \/>\nals ein Zustand der Stille,<br \/>\nden man bekommt nur<br \/>\nmit dem richtigen Lebenswille.<br \/>\nDenn um Beunruhigungen und Kriege zu vermeiden<br \/>\nsollte man auch manchmal sein bescheiden.<br \/>\nAlso behandel\u2018 deine Mitmenschen genau so<br \/>\nwie du gerne behandelt werden willst,<br \/>\ndann machts jeden froh!<\/p>\n<p style=\"text-align: center;\"><strong>Carla Winter<\/strong><\/p>\n<p>&nbsp;[\/vc_column_text][vc_separator][vc_column_text]<\/p>\n<h3 style=\"text-align: center;\">Der Mensch<\/h3>\n<p>&nbsp;<\/p>\n<p style=\"text-align: center;\">Der Mensch strebt,<br \/>\nsolang er lebt,<br \/>\nnach Frieden und Gerechtigkeit.<\/p>\n<p style=\"text-align: center;\">Erf\u00fcllt von Leid,<br \/>\ngef\u00fchrt von Neid,<br \/>\nerliegt manch\u2019 Streben Dunkelheit.<\/p>\n<p style=\"text-align: center;\">Doch in\u2019 drin,<br \/>\ndas ist der Sinn,<br \/>\nsiegt unsere Menschlichkeit.<\/p>\n<p style=\"text-align: center;\">Der Mensch lebt,<br \/>\nnur wenn er strebt,<br \/>\nin Sicher- und Vollkommenheit.<\/p>\n<p style=\"text-align: center;\"><strong>Natalia Kaczmarczyk<\/strong><\/p>\n<p>&nbsp;[\/vc_column_text][vc_column_text]<\/p>\n<h3 style=\"text-align: center;\">Cz\u0142owiek<\/h3>\n<p>&nbsp;<\/p>\n<p style=\"text-align: center;\">Cz\u0142owiek d\u0105\u017cy,<br \/>\ndop\u00f3ki \u017cyje,<br \/>\ndla pokoju i sprawiedliwo\u015bci.<\/p>\n<p style=\"text-align: center;\">Wype\u0142niony smutkiem,<br \/>\nprowadzony przez zazdro\u015b\u0107,<br \/>\nniekt\u00f3re wysi\u0142ki ulegaj\u0105 ciemno\u015bci.<\/p>\n<p style=\"text-align: center;\">Ale w \u015brodku,<br \/>\ntakie jest znaczenie,<br \/>\nwygrywa nasze cz\u0142owiecze\u0144stwo.<\/p>\n<p style=\"text-align: center;\">Cz\u0142owiek \u017cyje,<br \/>\ntylko je\u015bli d\u0105\u017cy,<br \/>\nw bezpiecze\u0144stwie i doskona\u0142o\u015bci.<\/p>\n<p style=\"text-align: center;\"><strong>Natalia Kaczmarczyk<\/strong><\/p>\n<p>&nbsp;[\/vc_column_text][vc_column_text]<\/p>\n<h3 style=\"text-align: center;\">Human being<\/h3>\n<p>&nbsp;<\/p>\n<p style=\"text-align: center;\">The human being strives<br \/>\nas long as he lives,<br \/>\nfor peace and justice.<\/p>\n<p style=\"text-align: center;\">Filled with sorrow,<br \/>\nled by envy,<br \/>\nsome striving succumbs to darkness.<\/p>\n<p style=\"text-align: center;\">But inside,<br \/>\nthat&#8217;s the point,<br \/>\nwins our humanity.<\/p>\n<p style=\"text-align: center;\">The human being lives,<br \/>\nonly if he strives,<br \/>\nin safety.<\/p>\n<p style=\"text-align: center;\"><strong>Natalia Kaczmarczyk<\/strong><\/p>\n<p>&nbsp;[\/vc_column_text][\/vc_column][\/vc_row]<\/p>\n<\/div>","protected":false},"excerpt":{"rendered":"<p>[vc_row][vc_column][vc_single_image image=&#8221;1247&#8243; img_size=&#8221;medium&#8221; alignment=&#8221;center&#8221;][vc_column_text] What if I told you about a world where love meant<br \/><a href=\"http:\/\/weitblick-action.de\/?page_id=1658\" class=\"read-more\">Read More &raquo;<\/a><\/p>\n","protected":false},"author":1,"featured_media":0,"parent":0,"menu_order":0,"comment_status":"closed","ping_status":"closed","template":"","meta":{"footnotes":""},"class_list":["post-1658","page","type-page","status-publish","hentry","blog-item"],"_links":{"self":[{"href":"http:\/\/weitblick-action.de\/index.php?rest_route=\/wp\/v2\/pages\/1658","targetHints":{"allow":["GET"]}}],"collection":[{"href":"http:\/\/weitblick-action.de\/index.php?rest_route=\/wp\/v2\/pages"}],"about":[{"href":"http:\/\/weitblick-action.de\/index.php?rest_route=\/wp\/v2\/types\/page"}],"author":[{"embeddable":true,"href":"http:\/\/weitblick-action.de\/index.php?rest_route=\/wp\/v2\/users\/1"}],"replies":[{"embeddable":true,"href":"http:\/\/weitblick-action.de\/index.php?rest_route=%2Fwp%2Fv2%2Fcomments&post=1658"}],"version-history":[{"count":18,"href":"http:\/\/weitblick-action.de\/index.php?rest_route=\/wp\/v2\/pages\/1658\/revisions"}],"predecessor-version":[{"id":1881,"href":"http:\/\/weitblick-action.de\/index.php?rest_route=\/wp\/v2\/pages\/1658\/revisions\/1881"}],"wp:attachment":[{"href":"http:\/\/weitblick-action.de\/index.php?rest_route=%2Fwp%2Fv2%2Fmedia&parent=1658"}],"curies":[{"name":"wp","href":"https:\/\/api.w.org\/{rel}","templated":true}]}}